{"id":198,"date":"2021-02-02T16:11:11","date_gmt":"2021-02-02T16:11:11","guid":{"rendered":"https:\/\/comune.cerroalvolturno.is.it\/i\/?page_id=198"},"modified":"2021-02-03T21:12:51","modified_gmt":"2021-02-03T21:12:51","slug":"la-storia","status":"publish","type":"page","link":"https:\/\/comune.cerroalvolturno.is.it\/i\/la-storia\/","title":{"rendered":"La Storia"},"content":{"rendered":"<p>[vc_row css=&#8221;.vc_custom_1612284214232{margin-top: 100px !important;}&#8221;][vc_column][vc_custom_heading text=&#8221;Storia&#8221; use_theme_fonts=&#8221;yes&#8221; el_class=&#8221;blu&#8221; el_id=&#8221;#storia&#8221;][\/vc_column][\/vc_row][vc_row][vc_column width=&#8221;1\/2&#8243;][vc_column_text]Il primo insediamento ha\u00a0<strong>origini sannite<\/strong>, come testimoniano i resti di questa civilt\u00e0 emersi sulla vetta del monte Santa Croce, nel territorio comunale: resti di fortificazioni, tra cui una muraglia lunga circa 600 metri, larga circa 2,5 metri ed alta oltre i 3 metri.<\/p>\n<p>L&#8217;origine della comunit\u00e0 vera a propria \u00e8 legata all&#8217;influenza che ebbe su queste zone l&#8217;Abbazia benedettina di San Vincenzo al Volturno, come riportato nel manoscritto miniato\u00a0<strong>Chronicon Volturnense<\/strong>\u00a0che d\u00e0 notizia della nascita di Cerro gi\u00e0 nell&#8217;889 quando Roffredo, abate di S. Vincenzo, condusse una prima colonia di contadini per coltivare le terre del posto che si chiamava &#8220;<em>Cerrum<\/em>&#8220;, dagli alberi di cerro, pianta simile alla quercia, che ivi crescevano in abbondanza.<\/p>\n<p>Il comune rimase feudo ecclesiastico dell&#8217;abbazia di San Vincenzo fino alla seconda met\u00e0 del XI secolo.[\/vc_column_text][vc_single_image image=&#8221;188&#8243; img_size=&#8221;full&#8221;][\/vc_column][vc_column width=&#8221;1\/2&#8243;][vc_column_text]Successivamente conobbe le dominazioni delle famiglie Filangieri, Borrello e Cantelmo. Il periodo rinascimentale si lega soprattutto allo splendore della famiglia\u00a0<strong>Pandone<\/strong>\u00a0alla quale si deve la realizzazione dell&#8217;imponente\u00a0<strong>castello<\/strong>: la costruzione,\u00a0<em>monumento nazionale<\/em>, \u00e8 tuttora in splendido stato di conservazione nel giro delle mura come nei tre torrioni scarpati. Dalla met\u00e0 del 1500 agli inizi del 1800 la propriet\u00e0 del feudo passa attraverso le famiglie Bucca, Frascati, Marchesano, Serra, Della Marra, Colonna e Carafa.<\/p>\n<p>Dopo la nascita della Repubblica partenopea il territorio fu inserito nel distretto di Piedimonte, per passare nel 1811 al Distretto di Castellone al Volturno (attualmente parte del comune di Castel San Vincenzo).<\/p>\n<p>Nel 1861 fu ricompreso nella provincia di Molise, circondario di Isernia, e l&#8217;anno successivo al toponimo originario di Cerro fu aggiunta la dicitura &#8220;<em>al Volturno<\/em>&#8221; per distinguere la localit\u00e0 dalle altre aventi lo stesso nome.[\/vc_column_text][vc_single_image image=&#8221;68&#8243; img_size=&#8221;full&#8221;][\/vc_column][\/vc_row]<\/p>\n","protected":false},"excerpt":{"rendered":"<p>[vc_row css=&#8221;.vc_custom_1612284214232{margin-top: 100px !important;}&#8221;][vc_column][vc_custom_heading text=&#8221;Storia&#8221; use_theme_fonts=&#8221;yes&#8221; el_class=&#8221;blu&#8221; el_id=&#8221;#storia&#8221;][\/vc_column][\/vc_row][vc_row][vc_column width=&#8221;1\/2&#8243;][vc_column_text]Il primo insediamento ha\u00a0origini sannite, come testimoniano i resti di questa civilt\u00e0 emersi sulla vetta del monte &#8230; <\/p>\n","protected":false},"author":1,"featured_media":0,"parent":0,"menu_order":0,"comment_status":"closed","ping_status":"closed","template":"home.php","meta":{"footnotes":""},"class_list":["post-198","page","type-page","status-publish","hentry"],"_links":{"self":[{"href":"https:\/\/comune.cerroalvolturno.is.it\/i\/wp-json\/wp\/v2\/pages\/198","targetHints":{"allow":["GET"]}}],"collection":[{"href":"https:\/\/comune.cerroalvolturno.is.it\/i\/wp-json\/wp\/v2\/pages"}],"about":[{"href":"https:\/\/comune.cerroalvolturno.is.it\/i\/wp-json\/wp\/v2\/types\/page"}],"author":[{"embeddable":true,"href":"https:\/\/comune.cerroalvolturno.is.it\/i\/wp-json\/wp\/v2\/users\/1"}],"replies":[{"embeddable":true,"href":"https:\/\/comune.cerroalvolturno.is.it\/i\/wp-json\/wp\/v2\/comments?post=198"}],"version-history":[{"count":3,"href":"https:\/\/comune.cerroalvolturno.is.it\/i\/wp-json\/wp\/v2\/pages\/198\/revisions"}],"predecessor-version":[{"id":270,"href":"https:\/\/comune.cerroalvolturno.is.it\/i\/wp-json\/wp\/v2\/pages\/198\/revisions\/270"}],"wp:attachment":[{"href":"https:\/\/comune.cerroalvolturno.is.it\/i\/wp-json\/wp\/v2\/media?parent=198"}],"curies":[{"name":"wp","href":"https:\/\/api.w.org\/{rel}","templated":true}]}}