{"id":205,"date":"2021-02-02T17:11:56","date_gmt":"2021-02-02T17:11:56","guid":{"rendered":"https:\/\/comune.cerroalvolturno.is.it\/i\/?page_id=205"},"modified":"2021-02-02T17:28:59","modified_gmt":"2021-02-02T17:28:59","slug":"il-territorio","status":"publish","type":"page","link":"https:\/\/comune.cerroalvolturno.is.it\/i\/il-territorio\/","title":{"rendered":"Il territorio"},"content":{"rendered":"<p>[vc_row css=&#8221;.vc_custom_1612282202846{margin-top: 100px !important;}&#8221; el_id=&#8221;#presentazione&#8221;][vc_column][vc_custom_heading text=&#8221;Il territorio&#8221; use_theme_fonts=&#8221;yes&#8221; el_class=&#8221;blu&#8221;][\/vc_column][\/vc_row][vc_row][vc_column][\/vc_column][\/vc_row][vc_row][vc_column width=&#8221;1\/2&#8243;][vc_column_text]<\/p>\n<h3 class=\"blu\">Rilievi montuosi<\/h3>\n<h4><strong>Monte Santa Croce<\/strong><\/h4>\n<p>(mt. 1151) <span class=\"aCapo\">Nel 1980 \u00e8 stata rinvenuta una fortificazione sannitica lunga quasi un chilometro. Fa parte di un massiccio montuoso chiamato &#8220;Il Curvale&#8221;, posto a quota 1240 metri slm.<\/span>Toponimi: Le Macchje, Re Vendature, La Chian\u00f2zze, Re M\u00f2neca.<br \/>\n&amp;nbsp<\/p>\n<h4><strong>La Spina<\/strong><\/h4>\n<p><span class=\"aCapo\">Il territorio montano si estende per 2000 ettari a Nord di Cerro. Si divide in Alta Spina e Bassa Spina.<\/span><span class=\"aCapo\">Nell&#8217;Alta Spina abbiamo: Valle San Martino, C\u00f2lla U\u00e0rdia, Fraina, Pagliar\u00f2ne.<\/span>Bassa Spina: F\u00f2nde Casale, P\u00e8nne, Demanio.<br \/>\n&amp;nbsp<\/p>\n<h4><strong>Monte della Foresta<\/strong><\/h4>\n<p>(mt. 944)<span class=\"aCapo\">La visibilit\u00e0 permette di avvistare numerose fortificazioni, tra cui Monte San Paolo, La Portella nel Comune di Castel San Vincenzo, La Romana presso Isernia e i centri fortificati dell&#8217;Alto Molise.<\/span>Toponimi: La Crevala, La Murr\u00e9lla, Re Miarre Pezzute, Piazza Indina, Re Puzze, Re Murtale.[\/vc_column_text][vc_single_image image=&#8221;208&#8243; img_size=&#8221;full&#8221;][\/vc_column][vc_column width=&#8221;1\/2&#8243;][vc_column_text]<\/p>\n<h3 class=\"blu\">Fiumi e torrenti<\/h3>\n<p>Il fiume\u00a0<strong>Volturno<\/strong>\u00a0tocca il territorio del Comune di Cerro al Volturno a partire dalla confluenza con il vallone detto\u00a0<strong>Fossato<\/strong>, al confine con Castel San Vincenzo. Altro affluente del Volturno \u00e8 il\u00a0<strong>Rio<\/strong>, che proviene da Rionero Sanntico, a sua volta alimentato dal torrente\u00a0<strong>Mandre<\/strong>\u00a0che proviene da Acquaviva di Isernia e dal vallone che, venendo da Foci, viene alimentato da\u00a0<strong>Fonte Acquara<\/strong>.<br \/>\n[\/vc_column_text][vc_single_image image=&#8221;209&#8243; img_size=&#8221;full&#8221;][vc_column_text]<\/p>\n<h3 class=\"blu\">Sorgenti e fontanili<\/h3>\n<p>Gli abitanti di Cerro, prima della sistemazione di vere e proprie fontane, e prima soprattutto della costruzione e messa in opera dell&#8217;acquedotto comunale, usavano le fonti di approvvigionamento di seguito elencate:<\/p>\n<ul class=\"elenco\">\n<li><strong>Foci<\/strong>, da una sorgente sulla riva del Rio;<\/li>\n<li><strong>San Vittorino<\/strong>, da pozzi privati;<\/li>\n<li><strong>Piano d&#8217;Ischia<\/strong>, da pozzi privati e da una piccola sorgente sulla sponde del fiume Rio;<\/li>\n<li><strong>Mancin<\/strong>i, da un pozzo privato ancora esistente lungo via Trignina, ma non pi\u00f9 funzionante;<\/li>\n<li><strong>Foresta<\/strong>, dalla fontana storica di <em>Fonte Papili<\/em>;<\/li>\n<li><strong>Cerro centro<\/strong>, dalla fonte adibita a lavatoio denominata <em>Fonte Mula<\/em>;<\/li>\n<li><strong>Rione Castello<\/strong>, dalla fonte anche essa adibita a lavatoio;<\/li>\n<li><strong>Rossi, Valloni, Santilli e Petrara<\/strong>, da pozzi privati e da due fonti adibite anche a lavatoio, una situata nella frazione Valloni e l&#8217;altra a Santilli.<\/li>\n<\/ul>\n<p>[\/vc_column_text][\/vc_column][\/vc_row]<\/p>\n","protected":false},"excerpt":{"rendered":"<p>[vc_row css=&#8221;.vc_custom_1612282202846{margin-top: 100px !important;}&#8221; el_id=&#8221;#presentazione&#8221;][vc_column][vc_custom_heading text=&#8221;Il territorio&#8221; use_theme_fonts=&#8221;yes&#8221; el_class=&#8221;blu&#8221;][\/vc_column][\/vc_row][vc_row][vc_column][\/vc_column][\/vc_row][vc_row][vc_column width=&#8221;1\/2&#8243;][vc_column_text] Rilievi montuosi Monte Santa Croce (mt. 1151) Nel 1980 \u00e8 stata rinvenuta una fortificazione sannitica &#8230; <\/p>\n","protected":false},"author":1,"featured_media":0,"parent":0,"menu_order":0,"comment_status":"closed","ping_status":"closed","template":"home.php","meta":{"footnotes":""},"class_list":["post-205","page","type-page","status-publish","hentry"],"_links":{"self":[{"href":"https:\/\/comune.cerroalvolturno.is.it\/i\/wp-json\/wp\/v2\/pages\/205","targetHints":{"allow":["GET"]}}],"collection":[{"href":"https:\/\/comune.cerroalvolturno.is.it\/i\/wp-json\/wp\/v2\/pages"}],"about":[{"href":"https:\/\/comune.cerroalvolturno.is.it\/i\/wp-json\/wp\/v2\/types\/page"}],"author":[{"embeddable":true,"href":"https:\/\/comune.cerroalvolturno.is.it\/i\/wp-json\/wp\/v2\/users\/1"}],"replies":[{"embeddable":true,"href":"https:\/\/comune.cerroalvolturno.is.it\/i\/wp-json\/wp\/v2\/comments?post=205"}],"version-history":[{"count":5,"href":"https:\/\/comune.cerroalvolturno.is.it\/i\/wp-json\/wp\/v2\/pages\/205\/revisions"}],"predecessor-version":[{"id":213,"href":"https:\/\/comune.cerroalvolturno.is.it\/i\/wp-json\/wp\/v2\/pages\/205\/revisions\/213"}],"wp:attachment":[{"href":"https:\/\/comune.cerroalvolturno.is.it\/i\/wp-json\/wp\/v2\/media?parent=205"}],"curies":[{"name":"wp","href":"https:\/\/api.w.org\/{rel}","templated":true}]}}